{"id":80,"date":"2023-03-26T18:15:44","date_gmt":"2023-03-26T16:15:44","guid":{"rendered":"https:\/\/autographie.org\/blog\/hiverdusurf\/?page_id=80"},"modified":"2023-03-26T18:15:44","modified_gmt":"2023-03-26T16:15:44","slug":"murs-deau-vagues-de-mondes","status":"publish","type":"page","link":"https:\/\/autographie.org\/blog\/hiverdusurf\/articles-recherche\/murs-deau-vagues-de-mondes\/","title":{"rendered":"Murs d\u2019eau, vagues de mondes"},"content":{"rendered":"<p align=\"justify\">Murs d\u2019eau, vagues de mondes<\/p>\n<p align=\"justify\">Au d\u00e9part, on s\u2019en est pas rendu compte. Mais tout \u00e7a, c\u2019\u00e9tait bien une mani\u00e8re de fuguer. Comme une fuite vers le large. On ne cherchait pas la solitude, elle s\u2019imposait. Une solitude \u00e9l\u00e9mentaire, qui poussait toute seule entre l&rsquo;oc\u00e9an et ses vagues. C\u2019\u00e9tait comme \u00e7a, un endroit parmi la houle, qui nous obligeait au d\u00e9tachement complet du monde. Puis, c\u2019est devenu une habitude de se sentir abandonn\u00e9, de laisser le temps filer, de ne plus le compter, et de perdre le sens des responsabilit\u00e9s. La mer et sa houle peuvent produire tout \u00e7a. Du moins, dans nos souvenirs. Car c&rsquo;est bien dans nos souvenirs, et dans nos souvenirs principalement, que persiste ce d\u00e9tachement.<\/p>\n<p align=\"justify\">En r\u00e9alit\u00e9, sur la plage, c&rsquo;est bien diff\u00e9rent. Sur la plage, c&rsquo;est un peu l&rsquo;angoisse.<\/p>\n<p align=\"justify\">Alors que dans nos m\u00e9moires, dans nos m\u00e9moires obsessionnelles, on trouve la sensation inoubliable de cette vague qui s\u2019est grav\u00e9e dans le dur des nerfs. Cette vague qui se tend dangereusement, toute ray\u00e9e par le vent de terre qui s&rsquo;amasse contre elle, en l&rsquo;absence manifeste des humains. Cette vague qui forme un mur, un long mur d&rsquo;eau, d\u00e9passant bient\u00f4t la verticale. Un mur vert, parsem\u00e9 de petites taches d&rsquo;\u00e9cumes laiss\u00e9es par la vague pr\u00e9c\u00e9dente. Un mur qui sous lui creuse le sol, un mur soutenu par un oc\u00e9an entier qui le pousse dans le dos. La houle va vers l&rsquo;avant, mais notre salut est dans la lat\u00e9ralit\u00e9 du mouvement et la vitesse. Avec la houle, nous fabriquons ensemble de l&rsquo;oblique. On sait d\u00e9j\u00e0 que \u00e7a va aller tr\u00e8s vite, qu&rsquo;il faudra compl\u00e8tement s&rsquo;y abandonner, sinon ca n&rsquo;ira pas bien loin et ca fera mal. Le long mur d&rsquo;eau qui se dresse soudainement annonce que le d\u00e9ferlement sera tr\u00e8s rapide et que d\u00e9j\u00e0, on est en retard. Il faut y inciser le rail, pour s&rsquo;accrocher au mieux sur la paroi, et s&rsquo;engager vers l&rsquo;avant afin d&rsquo;acc\u00e9l\u00e9rer cette course folle qui ne tient qu&rsquo;\u00e0 un fil de planche, de d\u00e9rive ou de palme. Il n&rsquo;y a personne avec nous, ni autour, ni devant, ni derri\u00e8re. C&rsquo;est une affaire que l&rsquo;on m\u00e8ne seuls, avec le mur vert. Il faut aller au plus vite, car aussi loin que le regard puisse porter, le mur menace de s&rsquo;enrouler, sans pr\u00e9venir. Tant que le vent de terre le tient en attente, il s&rsquo;agit de g\u00e9n\u00e9rer de la vitesse et parcourir le plus de distance possible. Il y a l\u00e0 un des moments suspendus les plus exquis que l&rsquo;existence puisse offrir. Un temps avant l&rsquo;effondrement, o\u00f9 toute la violence des \u00e9l\u00e9ments conjugu\u00e9s est en pause, pendant que la glisse, elle, se veut c\u00e9l\u00e9rit\u00e9 et distance oblique. Se sentir \u00e9toile filante, au milieu d&rsquo;un chaos in\u00e9vitable et \u00e0 venir, voil\u00e0 toute la pr\u00e9cipitation que l&rsquo;on souhaite \u00e0 cet instant l\u00e0. Puis immanquablement, le mur finit par s&rsquo;entortiller sur lui-m\u00eame. Ensuite, peu importe qu&rsquo;il nous laisse un tube d&rsquo;air pour y respirer et en sortir, qu&rsquo;il nous broie sur le champ, ou qu&rsquo;ils nous offre une rampe pour s&rsquo;envoler, tout est bon \u00e0 prendre dans l\u2019effondrement explosif du mur. La m\u00e9moire de cette vague sera toujours fra\u00eeche. Ce souvenir est si vivant que le c\u0153ur s&#8217;emballe en y songeant. Ce souvenir est si intact, que l&rsquo;on y voit encore l&rsquo;ensemble de l&rsquo;oc\u00e9an d\u00e9peupl\u00e9, on y ressent la force de l&rsquo;exode qui a fait fuir l&rsquo;humain d&rsquo;ici. L&rsquo;oc\u00e9an y para\u00eet tout puissant, violent et d\u00e9sertique. Dans ce souvenir, tout le monde a d\u00e9sert\u00e9 l&rsquo;eau pour rejoindre la soci\u00e9t\u00e9. En sortant de cette vague, on se surprend \u00e0 penser \u00ab\u00a0tiens, ca aurait \u00e9t\u00e9 bien que quelqu&rsquo;un la voit, celle-ci\u00a0\u00bb, puis l&rsquo;\u00e9go se retire vite au profit de l&rsquo;instant, et on se dit \u00ab\u00a0non, c&rsquo;est peut-\u00eatre mieux comme \u00e7a\u00a0\u00bb. Les humains ont d\u00e9sert\u00e9 la mer, mais la mer, elle est bien occup\u00e9e par des lignes infinies de houle qui se succ\u00e8dent \u00e0 perte de vue, et qui se font caresser \u00e0 rebrousse poil par le vent de terre. Jusqu&rsquo;au moment de partir, quand l&rsquo;on franchit la dune vers le retour, la perfection des murs verts qui se succ\u00e8dent n&rsquo;a d&rsquo;\u00e9gale que l\u00e0 parfaite absence d&rsquo;humain. Et ma propre pr\u00e9sence s&rsquo;est fondue dans l&rsquo;eau, dans le sable, dans l&rsquo;\u00e9cume, dans la roche.<\/p>\n<p align=\"justify\">Cette m\u00e9moire est celle d&rsquo;une \u00e9vasion. S&rsquo;\u00e9vader de l&rsquo;autre monde, celui qui est fou et dans lequel plus rien ne peut vivre. S&rsquo;\u00e9vader de sa propre substance qui p\u00e8se bien trop lourd en dehors de l&rsquo;eau. S&rsquo;\u00e9vader de toute la pression sociale qui colonise la t\u00eate.<\/p>\n<p align=\"justify\">Mais tout \u00e7a, c&rsquo;est dans notre m\u00e9moire et dans notre m\u00e9moire seulement. Une m\u00e9moire vivante et tenace, qui contient la sensation apr\u00e8s laquelle nous allons courir tout le reste de notre vie. Une sensation d&rsquo;\u00e9vasion, de d\u00e9sertion, d\u2019abandon et d\u2019oubli&#8230; et le go\u00fbt trop exaltant d&rsquo;une possibilit\u00e9 de vie comme on l&rsquo;entend.<\/p>\n<p align=\"justify\">En bas de la vall\u00e9e, entre les rochers, sur le sable, au milieu des vagues, sur le parking, nous sommes aujourd&rsquo;hui \u00e0 l&rsquo;oc\u00e9an, loin, tr\u00e8s loin d&rsquo;une quelconque \u00e9vasion.<\/p>\n<p align=\"justify\">Le nombre de camions qui s&rsquo;alignent sur le front de mer, de combinaisons qui s\u00e8chent d\u00e9j\u00e0, de planches \u00e0 terre, de cagoules noires qui percent la surface derri\u00e8re les vagues, nous font plut\u00f4t l&rsquo;effet d&rsquo;une invasion totale.<\/p>\n<p align=\"justify\">La soci\u00e9t\u00e9 s&rsquo;est r\u00e9pandue, jusqu&rsquo;au mur vert.<\/p>\n<p align=\"justify\">Alors, comment s&rsquo;\u00e9vader quand on est envahis de toute part\u00a0? Comment s&rsquo;\u00e9vader quand on est nous-m\u00eames l&rsquo;un des envahisseurs\u00a0? Nous courrons tous, nous tous les envahisseurs, apr\u00e8s la m\u00eame sensation singuli\u00e8re, apr\u00e8s ce souvenir unique qui hante chacun de nous \u00e0 sa fa\u00e7on. Mais comme nous courrons tous apr\u00e8s ce m\u00eame fantasme en m\u00eame temps, et au m\u00eame endroit, nous annulons certainement toute possibilit\u00e9 de le vivre.<\/p>\n<p align=\"justify\">Dans le flot de cette colonisation des mers, il y a bien quelque chose d&rsquo;essentiel qu&rsquo;il va falloir sublimer et transformer, une mani\u00e8re de voir peut-\u00eatre, ou de sentir. Une mani\u00e8re d&rsquo;\u00eatre et de surfer autrement. Il nous faudra imaginer une autre r\u00e9alit\u00e9 que celle de l&rsquo;adversit\u00e9 ambiante que nous subissons autant que nous la produisons. Il nous faudra penser notre espace commun. Le probl\u00e8me, c&rsquo;est que nous d\u00e9testons les r\u00e8gles. Et si notre solitude avec l&rsquo;oc\u00e9an tend \u00e0 dispara\u00eetre, sans retour possible, comment va-t-on vivre ce surf qui nous d\u00e9tache si heureusement du monde\u00a0?<\/p>\n<p align=\"justify\">Ce qui nous int\u00e9resse, maintenant, c&rsquo;est de savoir comment les uns et les autres s&rsquo;y prennent.<\/p>\n","protected":false},"excerpt":{"rendered":"<p>Murs d\u2019eau, vagues de mondes Au d\u00e9part, on s\u2019en est pas rendu compte. Mais tout \u00e7a, c\u2019\u00e9tait bien une mani\u00e8re de fuguer. Comme une fuite vers le large. On ne cherchait pas la solitude, elle s\u2019imposait. Une solitude \u00e9l\u00e9mentaire, qui poussait toute seule entre l&rsquo;oc\u00e9an et ses vagues. C\u2019\u00e9tait comme \u00e7a, un endroit parmi la&hellip; <a class=\"more-link\" href=\"https:\/\/autographie.org\/blog\/hiverdusurf\/articles-recherche\/murs-deau-vagues-de-mondes\/\">Poursuivre la lecture <span class=\"screen-reader-text\">Murs d\u2019eau, vagues de mondes<\/span><\/a><\/p>\n","protected":false},"author":2,"featured_media":0,"parent":45,"menu_order":0,"comment_status":"closed","ping_status":"closed","template":"","meta":{"footnotes":""},"class_list":["post-80","page","type-page","status-publish","hentry","entry"],"_links":{"self":[{"href":"https:\/\/autographie.org\/blog\/hiverdusurf\/wp-json\/wp\/v2\/pages\/80","targetHints":{"allow":["GET"]}}],"collection":[{"href":"https:\/\/autographie.org\/blog\/hiverdusurf\/wp-json\/wp\/v2\/pages"}],"about":[{"href":"https:\/\/autographie.org\/blog\/hiverdusurf\/wp-json\/wp\/v2\/types\/page"}],"author":[{"embeddable":true,"href":"https:\/\/autographie.org\/blog\/hiverdusurf\/wp-json\/wp\/v2\/users\/2"}],"replies":[{"embeddable":true,"href":"https:\/\/autographie.org\/blog\/hiverdusurf\/wp-json\/wp\/v2\/comments?post=80"}],"version-history":[{"count":1,"href":"https:\/\/autographie.org\/blog\/hiverdusurf\/wp-json\/wp\/v2\/pages\/80\/revisions"}],"predecessor-version":[{"id":81,"href":"https:\/\/autographie.org\/blog\/hiverdusurf\/wp-json\/wp\/v2\/pages\/80\/revisions\/81"}],"up":[{"embeddable":true,"href":"https:\/\/autographie.org\/blog\/hiverdusurf\/wp-json\/wp\/v2\/pages\/45"}],"wp:attachment":[{"href":"https:\/\/autographie.org\/blog\/hiverdusurf\/wp-json\/wp\/v2\/media?parent=80"}],"curies":[{"name":"wp","href":"https:\/\/api.w.org\/{rel}","templated":true}]}}