{"id":2,"date":"2022-06-19T16:58:32","date_gmt":"2022-06-19T16:58:32","guid":{"rendered":"https:\/\/autographie.org\/blog\/?page_id=2"},"modified":"2023-03-26T14:45:05","modified_gmt":"2023-03-26T14:45:05","slug":"sample-page","status":"publish","type":"page","link":"https:\/\/autographie.org\/blog\/","title":{"rendered":"D\u00e9marche"},"content":{"rendered":"\n<p>Autographie.org s\u2019impose \u00e0 nous comme une n\u00e9cessit\u00e9. C\u2019est une r\u00e9ponse \u2013 formul\u00e9e dans l\u2019urgence et avec des moyens d\u00e9risoires \u2013 face au story telling manag\u00e9rial, marchand et travailliste qui s\u2019immisce partout dans nos gestes et nos id\u00e9es.<\/p>\n\n\n\n<p>Il devient difficile de puiser du sens dans un quotidien satur\u00e9 d\u2019information, de mots, d\u2019images et d\u2019histoires propres \u00e0 ce monde policier, gouvern\u00e9, et \u00e9conomis\u00e9. La difficult\u00e9 que nous avons \u00e0 nous reconna\u00eetre dans la parole et les faits de notre \u00e9poque se traduit la plupart du temps par une forme d\u2019absent\u00e9isme ou de d\u00e9sertion, non seulement des processus de participation \u00e0 la vie politique, mais \u00e9galement des lieux ordinaires d\u2019action, de travail, d\u2019existence.<\/p>\n\n\n\n<p>La vie dite \u00ab active \u00bb ou \u00ab citoyenne \u00bb est organis\u00e9e de telle mani\u00e8re que nous ne parvenons plus \u00e0 \u00e9prouver le d\u00e9sir d\u2019y participer, et quand bien m\u00eame nous l\u2019\u00e9prouverions, nous n\u2019en aurions ni le pouvoir, ni l\u2019autorisation.<\/p>\n\n\n\n<p>Soit nous sommes mis \u00e0 l\u2019\u00e9cart des instances de d\u00e9cision, de l\u2019emploi, de la sant\u00e9 et de l\u2019\u00e9ducation du fait de notre position sociale, soit nous ne pouvons nous y exprimer sans en int\u00e9rioriser pr\u00e9alablement le discours et les codes.<\/p>\n\n\n\n<p>Alors, face \u00e0 cette situation o\u00f9, \u00e0 la fois le pouvoir et le sens nous \u00e9chappe, nous nous voyons dans la contrainte de nous am\u00e9nager, avec les \u00ab moyens du bord \u00bb, un espace de recherche et de prise parole dont nous ma\u00eetrisons le cadre, les modalit\u00e9s et les termes.<\/p>\n\n\n\n<p>Il nous est donc n\u00e9cessaire d\u2019\u00e9crire notre propre histoire, d\u00e9velopper nos propres termes et langages, \u00e0 l\u2019endroit m\u00eame o\u00f9 la soci\u00e9t\u00e9 semble s\u2019endormir, s\u2019effondrer. Nous ne pouvons plus supporter que les r\u00e9cits de nos exp\u00e9riences soient dict\u00e9s par d\u2019autres, qu\u2019ils fassent l\u2019objet de repr\u00e9sentations simplificatrices, qu\u2019ils se fondent dans le mouvement des masses, ou qu\u2019ils se dissolvent dans le vide narcissique g\u00e9n\u00e9ralis\u00e9 des r\u00e9seaux sociaux.<\/p>\n\n\n\n<p>Nous ouvrons Autographie \u00e0 celles et ceux en accord avec cette d\u00e9marche qui vise \u00e0 entretenir des processus communs de recherche, pour nous sauver du p\u00e9rim\u00e8tre \u00e9triqu\u00e9 de l\u2019\u00e9go et de son petit spectacle.<\/p>\n\n\n\n<p>Cette d\u00e9marche n\u2019est pas localis\u00e9e, elle peut prendre racine partout o\u00f9 le d\u00e9sir s\u2019en fait ressentir.<\/p>\n","protected":false},"excerpt":{"rendered":"<p>Autographie.org s\u2019impose \u00e0 nous comme une n\u00e9cessit\u00e9. C\u2019est une r\u00e9ponse \u2013 formul\u00e9e dans l\u2019urgence et avec des moyens d\u00e9risoires \u2013 face au story telling manag\u00e9rial, marchand et travailliste qui s\u2019immisce partout dans nos gestes et nos id\u00e9es. Il devient difficile de puiser du sens dans un quotidien satur\u00e9 d\u2019information, de mots, d\u2019images et d\u2019histoires propres [&hellip;]<\/p>\n","protected":false},"author":1,"featured_media":0,"parent":0,"menu_order":0,"comment_status":"closed","ping_status":"open","template":"","meta":{"footnotes":""},"class_list":["post-2","page","type-page","status-publish","hentry"],"_links":{"self":[{"href":"https:\/\/autographie.org\/blog\/wp-json\/wp\/v2\/pages\/2","targetHints":{"allow":["GET"]}}],"collection":[{"href":"https:\/\/autographie.org\/blog\/wp-json\/wp\/v2\/pages"}],"about":[{"href":"https:\/\/autographie.org\/blog\/wp-json\/wp\/v2\/types\/page"}],"author":[{"embeddable":true,"href":"https:\/\/autographie.org\/blog\/wp-json\/wp\/v2\/users\/1"}],"replies":[{"embeddable":true,"href":"https:\/\/autographie.org\/blog\/wp-json\/wp\/v2\/comments?post=2"}],"version-history":[{"count":2,"href":"https:\/\/autographie.org\/blog\/wp-json\/wp\/v2\/pages\/2\/revisions"}],"predecessor-version":[{"id":17,"href":"https:\/\/autographie.org\/blog\/wp-json\/wp\/v2\/pages\/2\/revisions\/17"}],"wp:attachment":[{"href":"https:\/\/autographie.org\/blog\/wp-json\/wp\/v2\/media?parent=2"}],"curies":[{"name":"wp","href":"https:\/\/api.w.org\/{rel}","templated":true}]}}

Démarche

<p>Autographie.org s’impose à nous comme une nécessité. C’est une réponse – formulée dans l’urgence et avec des moyens dérisoires – face au story telling managérial, marchand et travailliste qui s’immisce partout dans nos gestes et nos idées.</p>



<p>Il devient difficile de puiser du sens dans un quotidien saturé d’information, de mots, d’images et d’histoires propres à ce monde policier, gouverné, et économisé. La difficulté que nous avons à nous reconnaître dans la parole et les faits de notre époque se traduit la plupart du temps par une forme d’absentéisme ou de désertion, non seulement des processus de participation à la vie politique, mais également des lieux ordinaires d’action, de travail, d’existence.</p>



<p>La vie dite « active » ou « citoyenne » est organisée de telle manière que nous ne parvenons plus à éprouver le désir d’y participer, et quand bien même nous l’éprouverions, nous n’en aurions ni le pouvoir, ni l’autorisation.</p>



<p>Soit nous sommes mis à l’écart des instances de décision, de l’emploi, de la santé et de l’éducation du fait de notre position sociale, soit nous ne pouvons nous y exprimer sans en intérioriser préalablement le discours et les codes.</p>



<p>Alors, face à cette situation où, à la fois le pouvoir et le sens nous échappe, nous nous voyons dans la contrainte de nous aménager, avec les « moyens du bord », un espace de recherche et de prise parole dont nous maîtrisons le cadre, les modalités et les termes.</p>



<p>Il nous est donc nécessaire d’écrire notre propre histoire, développer nos propres termes et langages, à l’endroit même où la société semble s’endormir, s’effondrer. Nous ne pouvons plus supporter que les récits de nos expériences soient dictés par d’autres, qu’ils fassent l’objet de représentations simplificatrices, qu’ils se fondent dans le mouvement des masses, ou qu’ils se dissolvent dans le vide narcissique généralisé des réseaux sociaux.</p>



<p>Nous ouvrons Autographie à celles et ceux en accord avec cette démarche qui vise à entretenir des processus communs de recherche, pour nous sauver du périmètre étriqué de l’égo et de son petit spectacle.</p>



<p>Cette démarche n’est pas localisée, elle peut prendre racine partout où le désir s’en fait ressentir.</p>

<p>Autographie.org s’impose à nous comme une nécessité. C’est une réponse – formulée dans l’urgence et avec des moyens dérisoires – face au story telling managérial, marchand et travailliste qui s’immisce partout dans nos gestes et nos idées. Il devient difficile de puiser du sens dans un quotidien saturé d’information, de mots, d’images et d’histoires propres [&hellip;]</p>
